{"id":4786,"date":"2018-04-09T09:54:56","date_gmt":"2018-04-09T07:54:56","guid":{"rendered":"http:\/\/steinecker.at\/fashion\/?page_id=4786"},"modified":"2025-10-21T13:43:48","modified_gmt":"2025-10-21T11:43:48","slug":"datenschutz","status":"publish","type":"page","link":"https:\/\/www.steinecker.at\/fashion\/datenschutz\/","title":{"rendered":"Datenschutzerkl\u00e4rung"},"content":{"rendered":"<p>Der Schutz Ihrer pers\u00f6nlichen Daten ist uns ein besonderes Anliegen. Wir verarbeiten Ihre Daten daher ausschlie\u00dflich auf Grundlage der gesetzlichen Bestimmungen (DSGVO, TKG 2003). In diesen Datenschutzinformationen informieren wir Sie \u00fcber die wichtigsten Aspekte der Datenverarbeitung im Rahmen unserer Website.<\/p>\n<p><strong>Kontakt mit uns<br \/><\/strong>Wenn Sie per Formular auf der Website oder per E-Mail Kontakt mit uns aufnehmen, werden Ihre angegebenen Daten zwecks Bearbeitung der Anfrage bei uns gespeichert. Diese Daten geben wir nicht ohne Ihre Einwilligung weiter.<\/p>\n<p><strong>Newsletter<br \/><\/strong>Sie haben die M\u00f6glichkeit, \u00fcber unsere Website unseren Newsletter zu abonnieren. Hierf\u00fcr ben\u00f6tigen wir Ihre E-Mail-Adresse und ihre Erkl\u00e4rung, dass Sie mit dem Bezug des Newsletters einverstanden sind.<\/p>\n<p>Um Sie zielgerichtet mit Informationen zu versorgen, erheben und verarbeiten wir au\u00dferdem freiwillig gemachte Angaben zu Interessengebieten, Geburtstag und Postleitzahl <em>[\u2026]<\/em>.<\/p>\n<p>Sobald Sie sich f\u00fcr den Newsletter angemeldet haben, senden wir Ihnen ein Best\u00e4tigungs-E-Mail mit einem Link zur Best\u00e4tigung der Anmeldung.<\/p>\n<p>Das Abo des Newsletters k\u00f6nnen Sie jederzeit stornieren. Senden Sie Ihre Stornierung bitte an folgende E-Mail-Adresse: <em>[E-Mail-Adresse angeben]<\/em>. Wir l\u00f6schen anschlie\u00dfend umgehend Ihre Daten im Zusammenhang mit dem Newsletter-Versand.<\/p>\n<p><strong>Datenspeicherung<br \/><\/strong>Wir weisen darauf hin, dass zum Zweck des einfacheren Einkaufsvorganges und zur sp\u00e4teren Vertragsabwicklung vom Webshop-Betreiber im Rahmen von Cookies die IP-Daten des Anschlussinhabers gespeichert werden, ebenso wie Name, Anschrift, Telefonnummer und E-Mailadresse des K\u00e4ufers.<\/p>\n<p>Dar\u00fcber hinaus werden zum Zweck der Vertragsabwicklung folgende Daten auch bei uns gespeichert: Name, Anschrift, Telefonnummer. Die von Ihnen bereit gestellten Daten sind zur Vertragserf\u00fcllung bzw. zur Durchf\u00fchrung vorvertraglicher Ma\u00dfnahmen erforderlich. Ohne diese Daten k\u00f6nnen wir den Vertrag mit Ihnen nicht abschlie\u00dfen. Eine Daten\u00fcbermittlung an Dritte erfolgt nicht, mit Ausnahme der \u00dcbermittlung der Kreditkartendaten an die abwickelnden Bankinstitute\/Zahlungsdienstleister zum Zwecke der Abbuchung des Einkaufspreises, an das von uns beauftragte Transportunternehmen\/Versandunternehmen zur Zustellung der Ware sowie an unseren Steuerberater zur Erf\u00fcllung unserer steuerrechtlichen Verpflichtungen.<\/p>\n<p>Nach Abbruch des Einkaufsvorganges werden die bei uns gespeicherten Daten gel\u00f6scht. Im Falle eines Vertragsabschlusses werden s\u00e4mtliche Daten aus dem Vertragsverh\u00e4ltnis bis zum Ablauf der steuerrechtlichen Aufbewahrungsfrist (7 Jahre) gespeichert.<\/p>\n<p>Die Daten Name, Anschrift, gekaufte Waren und Kaufdatum werden dar\u00fcber hinaus gehend bis zum Ablauf der Produkthaftung (10 Jahre) gespeichert. Die Datenverarbeitung erfolgt auf Basis der gesetzlichen Bestimmungen des \u00a7 96 Abs 3 TKG sowie des Art 6 Abs 1 lit a (Einwilligung) und\/oder lit b (notwendig zur Vertragserf\u00fcllung) der DSGVO.<\/p>\n<p><strong>Bewerbung per Post oder per E-Mail<\/strong><br \/>Wenn Sie sich schriftlich oder per E-Mail bewerben, werden Ihre Daten f\u00fcr die<br \/>Durchf\u00fchrung und die Dauer des Bewerbungsverfahrens bei uns erfasst.<br \/>(u. a. Anrede, Name, Anschrift, E-Mail-Adresse, Telefonnummer, Bewerbungsunterlagen<br \/>wie Lebenslauf und Anschreiben). Rechtsgrundlage der vorgenannten Datenverarbeitung ist<br \/>Art. 6 Abs. 1 b) DSGVO i. V. m. \u00a7 26 Abs. 1 BDSG-neu.<br \/>Sofern Sie sich per Post beworben haben, schicken wir Ihnen nach Abschluss des Bewerbungsverfahrens die eingesandten Bewerbungsunterlagen (bis auf das Anschreiben) zur\u00fcck. Sollten wir Sie gerne in Evidenz halten f\u00fcr evtl. sp\u00e4tere Positionen die wir besetzen fragen wir Sie ausdr\u00fccklich<br \/>um Ihre Zustimmung.<\/p>\n<p><strong>Kundendatenbank<\/strong><br \/>Ihre Einwilligung vorausgesetzt, werden Ihre Daten in unsere Kundendatenbank aufgenommen. Ihre Daten erhalten wir von Ihnen direkt in unseren Stores oder \u00fcber die erweiterte Newsletteranmeldung auf unserer Homepage, oder wenn Sie online (Homepage) bei uns einen Termin vereinbaren. Auf Wunsch werden Ihre in unseren Stores get\u00e4tigten Ums\u00e4tze Ihrem Kundenkonto zugebucht. Wir erheben und verarbeiten diese Daten, um Sie zielgerichtet mit Informationen zu versorgen sowie Ihnen die M\u00f6glichkeit zu geben, an unserem Bonussystem teilzuhaben.<\/p>\n<p><strong>Zweckbindung, Rechtsgrundlage, Speicherdauer sowie Datenempf\u00e4nger<br \/><\/strong>Die gesammelten personenbezogenen Daten ben\u00f6tigen wir zur Vertragserf\u00fcllung, Verrechnung, Geltendmachung der Vertragsanspr\u00fcche, f\u00fcr Zwecke des Kundenservice und f\u00fcr Informationszwecke. Die Daten werden hierf\u00fcr erhoben, gespeichert, verarbeitet und genutzt. Die <strong>rechtlichen Grundlagen<\/strong> f\u00fcr die Verarbeitung von Ihren personenbezogenen Daten sind einerseits Vertragserf\u00fcllung, berechtigte Interessen (wie z.B. Neuerungen unseres Leistungsumfanges, die \u00e4hnlich zu den bisher erbrachten Leistungen sind), die Erf\u00fcllung unserer rechtlichen bzw. vertraglichen Verpflichtungen sowie andererseits Ihre Einwilligung. Wir verarbeiten Ihre personenbezogenen Daten, soweit erforderlich, f\u00fcr die <strong>Dauer<\/strong> der gesamten Gesch\u00e4ftsbeziehung (von der Anbahnung, Abwicklung bis zur Beendigung eines Vertrags) sowie dar\u00fcber hinaus gem\u00e4\u00df den gesetzlichen Aufbewahrungs- und Dokumentationspflichten, die sich ua aus dem Unternehmensgesetzbuch (UGB), der Bundesabgabenordnung (BAO) ergeben sowie bis zur Beendigung eines allf\u00e4lligen Rechtsstreits. Die Daten unserer Kunden und Lieferanten k\u00f6nnen an diverse <strong>Auftragsverarbeiter<\/strong> \u00a0(Speditionen, G\u00fctertransporteure, Steuerberater, Werbeagenturen, Druckereien \u2026.) \u00a0weiter gegeben werden. Im Zuge der Weitergabe von Auftr\u00e4gen werden personenbezogene Daten an Auftragsverarbeiter weitergegeben, die wiederum die Auftr\u00e4ge und somit Daten an Sub-Auftragsverarbeiter weitergeben k\u00f6nnen. Die Weitergabe erfolgt ausschlie\u00dflich zur Erf\u00fcllung des Vertrags und der uns daraus entstehenden Rechte und Pflichten. Dar\u00fcber hinaus ausschlie\u00dflich mit ausdr\u00fccklicher Zustimmung des Betroffenen. Die Auftragsverarbeiter haben sich zur Einhaltung der geltenden datenschutzrechtlichen Bestimmungen uns gegen\u00fcber verpflichtet. Es wurde ein Auftragsverarbeitungsvertrag gem\u00e4\u00df Art 28 DSGVO abgeschlossen. N\u00e4here Informationen zu den von uns beauftragten Auftragsverarbeitern k\u00f6nnen Sie unter office@steinecker.at anfragen.<\/p>\n<p><strong>Datenverarbeitung auf dieser Internetseite<\/strong><br \/>Diese Webseite erhebt und speichert automatisch in ihren Server Log Files Informationen, die Ihr Browser an uns \u00fcbermittelt. Dies sind:<\/p>\n<p>+ Browsertyp\u00a0und Browserversion<br \/>+ Uhrzeit der Serveranfrage<br \/>+ verwendetes Betriebssystem<br \/>+ Hostname des zugreifenden Rechners (IP Adresse &#8211; anonymisiert)<br \/>+ Referrer URL (die\u00a0Seite, die zuvor besucht wurde)<\/p>\n<p>Diese Daten sind f\u00fcr nicht bestimmten Personen zuordenbar. Eine Zusammenf\u00fchrung dieser Daten mit anderen Datenquellen wird nicht vorgenommen, die Daten werden zudem nach einer statistischen Auswertung gel\u00f6scht.<\/p>\n<p><strong>Ihre Rechte<br \/><\/strong>Ihnen stehen grunds\u00e4tzlich die Rechte auf Auskunft, Berichtigung, L\u00f6schung, Einschr\u00e4nkung, Daten\u00fcbertragung, Widerruf und Widerspruch zu. Wenn Sie glauben, dass die Verarbeitung Ihrer Daten gegen das Datenschutzrecht verst\u00f6\u00dft oder Ihre datenschutzrechtlichen Anspr\u00fcche sonst in einer Weise verletzt worden sind, k\u00f6nnen Sie sich bei der Aufsichtsbeh\u00f6rde beschweren. In \u00d6sterreich ist dies die Datenschutzbeh\u00f6rde.<br \/>S\u00e4mtliche personenbezogenen Daten werden auf Ihren Wunsch &#8211; nach Ablauf der gesetzlich normierten Fristen entsprechende der gesetzlichen Bestimmung &#8211; gel\u00f6scht.<\/p>\n<p><strong>Sie erreichen uns unter folgenden Kontaktdaten<\/strong>:<br \/>Steinecker Moden GMBH<br \/>Franz Auer<br \/>Randegg 34<br \/>3263 Randegg<\/p>\n<p>tel.: 074875000<br \/>mail: office@steinecker.at<\/p>\n<p><strong>Datensicherheit<\/strong><br \/>Wir weisen darauf hin, dass die Daten\u00fcbertragung im Internet (z.B. bei der Kommunikation per E-Mail) Sicherheitsl\u00fccken aufweisen kann. Ein l\u00fcckenloser Schutz der Daten vor dem Zugriff durch Dritte ist nicht m\u00f6glich.<\/p>\n","protected":false},"excerpt":{"rendered":"<p>Der Schutz Ihrer pers\u00f6nlichen Daten ist uns ein besonderes Anliegen. Wir verarbeiten Ihre Daten daher ausschlie\u00dflich auf Grundlage der gesetzlichen Bestimmungen (DSGVO, TKG 2003). In diesen Datenschutzinformationen informieren wir Sie \u00fcber die wichtigsten Aspekte der Datenverarbeitung im Rahmen unserer Website. Kontakt mit unsWenn Sie per Formular auf der Website oder per E-Mail Kontakt mit uns [&#8230;]\n","protected":false},"author":1,"featured_media":0,"parent":0,"menu_order":0,"comment_status":"closed","ping_status":"closed","template":"","meta":{"footnotes":""},"class_list":["post-4786","page","type-page","status-publish","hentry"],"yoast_head":"<!-- This site is optimized with the Yoast SEO plugin v27.3 - https:\/\/yoast.com\/product\/yoast-seo-wordpress\/ -->\n<title>Datenschutzerkl\u00e4rung - Steinecker Fashion - Markenmode - Abendmode<\/title>\n<meta name=\"description\" content=\"Markenmode f\u00fcr Damen und Herren.\" \/>\n<meta name=\"robots\" content=\"index, follow, max-snippet:-1, max-image-preview:large, max-video-preview:-1\" \/>\n<link rel=\"canonical\" href=\"https:\/\/www.steinecker.at\/fashion\/datenschutz\/\" \/>\n<meta property=\"og:locale\" content=\"de_DE\" \/>\n<meta property=\"og:type\" content=\"article\" \/>\n<meta property=\"og:title\" content=\"Datenschutzerkl\u00e4rung - Steinecker Fashion - Markenmode - Abendmode\" \/>\n<meta property=\"og:description\" content=\"Markenmode f\u00fcr Damen und Herren.\" \/>\n<meta property=\"og:url\" content=\"https:\/\/www.steinecker.at\/fashion\/datenschutz\/\" \/>\n<meta property=\"og:site_name\" content=\"Steinecker Fashion - Markenmode - Abendmode\" \/>\n<meta property=\"article:publisher\" content=\"https:\/\/www.facebook.com\/steinecker.fashion\" \/>\n<meta property=\"article:modified_time\" content=\"2025-10-21T11:43:48+00:00\" \/>\n<meta name=\"twitter:card\" content=\"summary_large_image\" \/>\n<meta name=\"twitter:label1\" content=\"Gesch\u00e4tzte Lesezeit\" \/>\n\t<meta name=\"twitter:data1\" content=\"5\u00a0Minuten\" \/>\n<script type=\"application\/ld+json\" class=\"yoast-schema-graph\">{\"@context\":\"https:\\\/\\\/schema.org\",\"@graph\":[{\"@type\":\"WebPage\",\"@id\":\"https:\\\/\\\/www.steinecker.at\\\/fashion\\\/datenschutz\\\/\",\"url\":\"https:\\\/\\\/www.steinecker.at\\\/fashion\\\/datenschutz\\\/\",\"name\":\"Datenschutzerkl\u00e4rung - Steinecker Fashion - Markenmode - Abendmode\",\"isPartOf\":{\"@id\":\"https:\\\/\\\/www.steinecker.at\\\/fashion\\\/#website\"},\"datePublished\":\"2018-04-09T07:54:56+00:00\",\"dateModified\":\"2025-10-21T11:43:48+00:00\",\"description\":\"Markenmode f\u00fcr Damen und Herren.\",\"breadcrumb\":{\"@id\":\"https:\\\/\\\/www.steinecker.at\\\/fashion\\\/datenschutz\\\/#breadcrumb\"},\"inLanguage\":\"de\",\"potentialAction\":[{\"@type\":\"ReadAction\",\"target\":[\"https:\\\/\\\/www.steinecker.at\\\/fashion\\\/datenschutz\\\/\"]}]},{\"@type\":\"BreadcrumbList\",\"@id\":\"https:\\\/\\\/www.steinecker.at\\\/fashion\\\/datenschutz\\\/#breadcrumb\",\"itemListElement\":[{\"@type\":\"ListItem\",\"position\":1,\"name\":\"Startseite\",\"item\":\"https:\\\/\\\/www.steinecker.at\\\/fashion\\\/\"},{\"@type\":\"ListItem\",\"position\":2,\"name\":\"Datenschutzerkl\u00e4rung\"}]},{\"@type\":\"WebSite\",\"@id\":\"https:\\\/\\\/www.steinecker.at\\\/fashion\\\/#website\",\"url\":\"https:\\\/\\\/www.steinecker.at\\\/fashion\\\/\",\"name\":\"Steinecker Fashion - Markenmode - Abendmode\",\"description\":\"Markenmode und die sch\u00f6nsten Abendmode Trends f\u00fcr SIE und IHN\",\"potentialAction\":[{\"@type\":\"SearchAction\",\"target\":{\"@type\":\"EntryPoint\",\"urlTemplate\":\"https:\\\/\\\/www.steinecker.at\\\/fashion\\\/?s={search_term_string}\"},\"query-input\":{\"@type\":\"PropertyValueSpecification\",\"valueRequired\":true,\"valueName\":\"search_term_string\"}}],\"inLanguage\":\"de\"}]}<\/script>\n<!-- \/ Yoast SEO plugin. -->","yoast_head_json":{"title":"Datenschutzerkl\u00e4rung - Steinecker Fashion - Markenmode - Abendmode","description":"Markenmode f\u00fcr Damen und Herren.","robots":{"index":"index","follow":"follow","max-snippet":"max-snippet:-1","max-image-preview":"max-image-preview:large","max-video-preview":"max-video-preview:-1"},"canonical":"https:\/\/www.steinecker.at\/fashion\/datenschutz\/","og_locale":"de_DE","og_type":"article","og_title":"Datenschutzerkl\u00e4rung - Steinecker Fashion - Markenmode - Abendmode","og_description":"Markenmode f\u00fcr Damen und Herren.","og_url":"https:\/\/www.steinecker.at\/fashion\/datenschutz\/","og_site_name":"Steinecker Fashion - Markenmode - Abendmode","article_publisher":"https:\/\/www.facebook.com\/steinecker.fashion","article_modified_time":"2025-10-21T11:43:48+00:00","twitter_card":"summary_large_image","twitter_misc":{"Gesch\u00e4tzte Lesezeit":"5\u00a0Minuten"},"schema":{"@context":"https:\/\/schema.org","@graph":[{"@type":"WebPage","@id":"https:\/\/www.steinecker.at\/fashion\/datenschutz\/","url":"https:\/\/www.steinecker.at\/fashion\/datenschutz\/","name":"Datenschutzerkl\u00e4rung - Steinecker Fashion - Markenmode - Abendmode","isPartOf":{"@id":"https:\/\/www.steinecker.at\/fashion\/#website"},"datePublished":"2018-04-09T07:54:56+00:00","dateModified":"2025-10-21T11:43:48+00:00","description":"Markenmode f\u00fcr Damen und Herren.","breadcrumb":{"@id":"https:\/\/www.steinecker.at\/fashion\/datenschutz\/#breadcrumb"},"inLanguage":"de","potentialAction":[{"@type":"ReadAction","target":["https:\/\/www.steinecker.at\/fashion\/datenschutz\/"]}]},{"@type":"BreadcrumbList","@id":"https:\/\/www.steinecker.at\/fashion\/datenschutz\/#breadcrumb","itemListElement":[{"@type":"ListItem","position":1,"name":"Startseite","item":"https:\/\/www.steinecker.at\/fashion\/"},{"@type":"ListItem","position":2,"name":"Datenschutzerkl\u00e4rung"}]},{"@type":"WebSite","@id":"https:\/\/www.steinecker.at\/fashion\/#website","url":"https:\/\/www.steinecker.at\/fashion\/","name":"Steinecker Fashion - Markenmode - Abendmode","description":"Markenmode und die sch\u00f6nsten Abendmode Trends f\u00fcr SIE und IHN","potentialAction":[{"@type":"SearchAction","target":{"@type":"EntryPoint","urlTemplate":"https:\/\/www.steinecker.at\/fashion\/?s={search_term_string}"},"query-input":{"@type":"PropertyValueSpecification","valueRequired":true,"valueName":"search_term_string"}}],"inLanguage":"de"}]}},"_links":{"self":[{"href":"https:\/\/www.steinecker.at\/fashion\/wp-json\/wp\/v2\/pages\/4786","targetHints":{"allow":["GET"]}}],"collection":[{"href":"https:\/\/www.steinecker.at\/fashion\/wp-json\/wp\/v2\/pages"}],"about":[{"href":"https:\/\/www.steinecker.at\/fashion\/wp-json\/wp\/v2\/types\/page"}],"author":[{"embeddable":true,"href":"https:\/\/www.steinecker.at\/fashion\/wp-json\/wp\/v2\/users\/1"}],"replies":[{"embeddable":true,"href":"https:\/\/www.steinecker.at\/fashion\/wp-json\/wp\/v2\/comments?post=4786"}],"version-history":[{"count":9,"href":"https:\/\/www.steinecker.at\/fashion\/wp-json\/wp\/v2\/pages\/4786\/revisions"}],"predecessor-version":[{"id":9747,"href":"https:\/\/www.steinecker.at\/fashion\/wp-json\/wp\/v2\/pages\/4786\/revisions\/9747"}],"wp:attachment":[{"href":"https:\/\/www.steinecker.at\/fashion\/wp-json\/wp\/v2\/media?parent=4786"}],"curies":[{"name":"wp","href":"https:\/\/api.w.org\/{rel}","templated":true}]}}